{"id":23,"date":"2021-10-22T18:31:55","date_gmt":"2021-10-22T18:31:55","guid":{"rendered":"https:\/\/orthodoxs.org\/?page_id=23"},"modified":"2021-10-29T19:07:25","modified_gmt":"2021-10-29T19:07:25","slug":"contacto","status":"publish","type":"page","link":"https:\/\/orthodoxs.org\/?page_id=23","title":{"rendered":"Contacto"},"content":{"rendered":"\n<p>Somos la Iglesia Ortodoxa Autoc\u00e9fala Ucraniana en las Am\u00e9ricas, parte de la UAOC Mundial, con relaciones hist\u00f3ricas con nuestra patria ancestral y espiritual Ucrania.<\/p>\n\n\n\n<p>En los Estados Unidos y en otras partes de Am\u00e9rica, nuestra iglesia celebra una vida lit\u00fargica cat\u00f3lica ortodoxa familiar y una fe tradicional, basada en las costumbres ind\u00edgenas tanto de Ucrania como de otros pa\u00edses de origen de nuestro pueblo.<\/p>\n\n\n\n<p>Defendemos un enfoque contempor\u00e1neo e informado de las cuestiones pastorales y sociales y las personas de todos los \u00e1mbitos de la vida son bienvenidas a formar parte de nuestra comunidad.<\/p>\n\n\n\n<p><\/p>\n\n\n\n<p>Si queres ponerte en contacto con nosotros lo podes hacer a trav\u00e9s del siguiente formulario de contacto.<\/p>\n\n\n\n<form action=\"contact.php\" method=\"post\">\n<label for=\"nombre\">Nombre:<\/label>\n <input id=\"nombre\" type=\"text\" name=\"nombre\" placeholder=\"Nombre y Apellido\" required=\"\">\n <label for=\"email\">Email:<\/label>\n <input id=\"email\" type=\"email\" name=\"email\" placeholder=\"ejemplo@correo.com\" required=\"\">\n <label for=\"mensaje\">Mensaje:<\/label>\n <textarea id=\"mensaje\" name=\"mensaje\" placeholder=\"Mensaje\" required=\"\"><\/textarea>\n <input id=\"submit\" type=\"submit\" name=\"submit\" value=\"Enviar\">\n<\/form>\n\n\n\n<p><\/p>\n\n\n\n<p><\/p>\n\n\n\n<p><\/p>\n\n\n\n<p><\/p>\n\n\n\n<p><\/p>\n\n\n\n<p>Con mucho gusto te responderemos.<\/p>\n\n\n\n<p>O bien envianos un correo electr\u00f3nico a cristian@orthodoxs.org<\/p>\n\n\n\n<p>Padre Cristian<\/p>\n\n\n\n<figure class=\"wp-block-image size-full is-resized\"><img decoding=\"async\" src=\"https:\/\/orthodoxs.org\/wp-content\/uploads\/2021\/10\/face-of-jesus-icon-orthodox.jpg\" alt=\"\" class=\"wp-image-25\" width=\"115\" height=\"115\" srcset=\"https:\/\/orthodoxs.org\/wp-content\/uploads\/2021\/10\/face-of-jesus-icon-orthodox.jpg 600w, https:\/\/orthodoxs.org\/wp-content\/uploads\/2021\/10\/face-of-jesus-icon-orthodox-300x300.jpg 300w, https:\/\/orthodoxs.org\/wp-content\/uploads\/2021\/10\/face-of-jesus-icon-orthodox-150x150.jpg 150w\" sizes=\"(max-width: 115px) 100vw, 115px\" \/><\/figure>\n\n\n\n<ul class=\"wp-block-social-links is-layout-flex wp-block-social-links-is-layout-flex\"><li class=\"wp-social-link wp-social-link-telegram  wp-block-social-link\"><a href=\"https:\/\/t.me\/CristianGerard\" class=\"wp-block-social-link-anchor\"><svg width=\"24\" height=\"24\" viewBox=\"0 0 128 128\" version=\"1.1\" xmlns=\"http:\/\/www.w3.org\/2000\/svg\" aria-hidden=\"true\" focusable=\"false\"><path d=\"M28.9700376,63.3244248 C47.6273373,55.1957357 60.0684594,49.8368063 66.2934036,47.2476366 C84.0668845,39.855031 87.7600616,38.5708563 90.1672227,38.528 C90.6966555,38.5191258 91.8804274,38.6503351 92.6472251,39.2725385 C93.294694,39.7979149 93.4728387,40.5076237 93.5580865,41.0057381 C93.6433345,41.5038525 93.7494885,42.63857 93.6651041,43.5252052 C92.7019529,53.6451182 88.5344133,78.2034783 86.4142057,89.5379542 C85.5170662,94.3339958 83.750571,95.9420841 82.0403991,96.0994568 C78.3237996,96.4414641 75.5015827,93.6432685 71.9018743,91.2836143 C66.2690414,87.5912212 63.0868492,85.2926952 57.6192095,81.6896017 C51.3004058,77.5256038 55.3966232,75.2369981 58.9976911,71.4967761 C59.9401076,70.5179421 76.3155302,55.6232293 76.6324771,54.2720454 C76.6721165,54.1030573 76.7089039,53.4731496 76.3346867,53.1405352 C75.9604695,52.8079208 75.4081573,52.921662 75.0095933,53.0121213 C74.444641,53.1403447 65.4461175,59.0880351 48.0140228,70.8551922 C45.4598218,72.6091037 43.1463059,73.4636682 41.0734751,73.4188859 C38.7883453,73.3695169 34.3926725,72.1268388 31.1249416,71.0646282 C27.1169366,69.7617838 23.931454,69.0729605 24.208838,66.8603276 C24.3533167,65.7078514 25.9403832,64.5292172 28.9700376,63.3244248 Z\" \/><\/svg><span class=\"wp-block-social-link-label screen-reader-text\">Telegram<\/span><\/a><\/li><\/ul>\n","protected":false},"excerpt":{"rendered":"<p>Somos la Iglesia Ortodoxa Autoc\u00e9fala Ucraniana en las Am\u00e9ricas, parte de la UAOC Mundial, con relaciones hist\u00f3ricas con nuestra patria ancestral y espiritual Ucrania. En los Estados Unidos y en otras partes de Am\u00e9rica, nuestra iglesia celebra una vida lit\u00fargica cat\u00f3lica ortodoxa familiar y una fe tradicional, basada en las costumbres ind\u00edgenas tanto de Ucrania [&hellip;]<\/p>\n","protected":false},"author":1,"featured_media":0,"parent":0,"menu_order":0,"comment_status":"closed","ping_status":"closed","template":"","meta":{"om_disable_all_campaigns":false,"_monsterinsights_skip_tracking":false,"_monsterinsights_sitenote_active":false,"_monsterinsights_sitenote_note":"","_monsterinsights_sitenote_category":0,"_s2mail":"","footnotes":""},"class_list":["post-23","page","type-page","status-publish","hentry"],"aioseo_notices":[],"_links":{"self":[{"href":"https:\/\/orthodoxs.org\/index.php?rest_route=\/wp\/v2\/pages\/23","targetHints":{"allow":["GET"]}}],"collection":[{"href":"https:\/\/orthodoxs.org\/index.php?rest_route=\/wp\/v2\/pages"}],"about":[{"href":"https:\/\/orthodoxs.org\/index.php?rest_route=\/wp\/v2\/types\/page"}],"author":[{"embeddable":true,"href":"https:\/\/orthodoxs.org\/index.php?rest_route=\/wp\/v2\/users\/1"}],"replies":[{"embeddable":true,"href":"https:\/\/orthodoxs.org\/index.php?rest_route=%2Fwp%2Fv2%2Fcomments&post=23"}],"version-history":[{"count":6,"href":"https:\/\/orthodoxs.org\/index.php?rest_route=\/wp\/v2\/pages\/23\/revisions"}],"predecessor-version":[{"id":168,"href":"https:\/\/orthodoxs.org\/index.php?rest_route=\/wp\/v2\/pages\/23\/revisions\/168"}],"wp:attachment":[{"href":"https:\/\/orthodoxs.org\/index.php?rest_route=%2Fwp%2Fv2%2Fmedia&parent=23"}],"curies":[{"name":"wp","href":"https:\/\/api.w.org\/{rel}","templated":true}]}}